 = 15361 - 15446. Suppose 37 = 5*t + 432. Let b = c - t. Determine k(b).
-7
Let s(c) = c**3 - c - 16. Suppose -65*x + 72 = -71*x. Let n = x - -14. Suppose -u = n*u - 4*u. Calculate s(u).
-16
Let l(y) = y**2 + 14*y + 3. Let z be l(-14). Let b(p) = -p - z*p + 6*p**2 + p**3 - 32 - 34 + 73. Determine b(-6).
31
Let b(j) = 11*j**2 + 15*j**2 + 19*j**2 + 1 + 23*j**2 - 70*j**2. Calculate b(1).
-1
Suppose 2*m + 18*i + 14 = 14*i, 5 = -5*m + 5*i. Let w(q) = 2*q - 7. Determine w(m).
-13
Let t = 722 + -710. Let b(g) = 82*g**2 + 17 - 78*g**2 - t - g**3. Let d = -1 + 5. What is b(d)?
5
Let v(u) = -27 + 97*u**2 - 133*u - 33 + u**3 - 359*u**2 + 98*u**2 + 99*u**2. Calculate v(67).
7
Let v(p) = 8 + 26*p + 2 - 20*p + 0 - 8*p. Calculate v(5).
0
Let l(i) be the second derivative of 1/3*i**3 + 0 - 1/8*i**4 - 19/2*i**2 - 38*i. Let j(x) be the first derivative of l(x). Determine j(2).
-4
Let c(v) be the second derivative of v**4/6 + 5*v**3/2 + 7*v**2 + 6*v. Suppose 7*f + 26 = -23. Let o be c(f). Let q(i) = 3*i - 10. Give q(o).
11
Let n(t) = -t**2 + 11*t + 8. Let m be n(12). Let p be (0 - 7) + -1 - m. Let a(i) be the first derivative of i**2 - 4*i - 6. Determine a(p).
-12
Let z be (-90)/(-1035)*23/1 + 6. Let c(n) = -n**3 - n**2 + 1. Let s(g) = 3*g**3 - 6*g**2 + g - 12. Let w(b) = -2*c(b) - s(b). Give w(z).
2
Let p(y) = y**3 + y + 21. Let w(a) = -32*a - 40*a + 130*a + 100 - 43*a - a**2. Let d be w(20). Calculate p(d).
21
Let n(t) be the second derivative of 0 + 1/60*t**5 + 10*t + 0*t**3 + 17/12*t**4 - 1/720*t**6 + 0*t**2. Let u(i) be the third derivative of n(i). Give u(0).
2
Let z(f) = -77*f + 7*f**3 + 28*f + 19*f + 17*f + 15*f - 2. What is z(1)?
7
Let v(c) = 303 + 98*c + 57*c + 89*c - 183*c. Determine v(-5).
-2
Let v(p) = p + 1. Let u(s) = -4*s - 4. Let f(m) = u(m) + 3*v(m). Let j(k) = 2*k**3 - 40*k**2 + 50*k - 225. Let y be j(19). Give f(y).
-4
Let x = 98 + -107. Let q(z) = -2*z**2 - 15*z + 14. Let h be q(x). Let w(i) = i + 7. Give w(h).
-6
Let d(a) = a**2 + 6672 + 21*a - 6576 - a. Give d(-14).
12
Let g(j) = j - 9. Let k be g(14). Let u(h) = 18 + 23 + 3*h - 43 - k*h**2. What is u(2)?
-16
Let z(t) = -5238 - 5251 + t - 5241 + 15718. What is z(18)?
6
Let s(y) = -2*y - 3. Let a = 320 + -285. Suppose u + 3*u = -w - 25, a = -2*w - 5*u. Give s(w).
7
Let h(y) = -3*y + 10. Suppose -17*l = -14*l - 33. Determine h(l).
-23
Let j(r) be the third derivative of -r**6/120 + r**5/5 - 5*r**4/12 - 3*r**3/2 - 190*r**2 + 2. Give j(11).
2
Suppose 0 = s - 3 - 0. Let l(q) be the third derivative of q**6/120 - q**5/15 + q**4/8 + q**3/2 - 12*q**2 - 38*q. Determine l(s).
3
Let h(i) = i**3 - i - 3. Let k(l) = 2*l**2 + 4*l - 1. Let a be k(3). Let p = a - 29. Calculate h(p).
-3
Let c(r) = r**3 - 3*r + 7*r**2 + 7 - 2*r**2 - r**2. Let v(w) = -w**3 + 4*w**2 - 4*w - 1. Let p be v(2). Let a be (-6)/(-10)*p - (-924)/(-210). Determine c(a).
-3
Suppose 0 = 5*j - 4*b - 92, 0 = j + 2*b - 191 + 181. Let z(p) be the third derivative of -1/3*p**3 + 5/24*p**4 + 0 + 0*p + j*p**2. Calculate z(2).
8
Let x(w) = -12*w**2 - 1. Let b be 350/(-30) + 11 + (-5)/(-3). Calculate x(b).
-13
Let m(g) = -g**2 + g + 1. Suppose 3*v + 5*u = -157, 2*v + 4*u + 71 = -31. Let t = v + 75. Suppose -4*d + 24 - t = 0. What is m(d)?
-1
Let c(l) = 22*l**2 - 4*l - 1. Let o(i) = -65*i**2 - 2*i - 47. Let v(n) = -3*c(n) - o(n). Determine v(20).
-70
Let l(z) = 4*z**2 - 42*z. Let f(g) = g**3 + 48*g**2 + 516*g + 139. Let i be f(-32). What is l(i)?
22
Suppose o + 0 - 12 = 0. Suppose -b = -o*j + 7*j - 20, 3*b - 18 = j. Let y(i) = i**3 + 2*i**2 - i + 2. Calculate y(j).
-4
Let r(p) = 2*p**2 - 11*p + 66. Let w(d) = -d**2 + 5*d - 32. Let l(a) = -4*r(a) - 9*w(a). What is l(0)?
24
Let h(n) be the first derivative of -n**5/40 - 7*n**4/12 - n**3/3 - 25*n**2 - 30. Let g(t) be the third derivative of h(t). Give g(-7).
7
Let i(p) = 74*p - 1. Let j(b) = -b**2 + 29*b - 1. Let a(l) = -i(l) + 2*j(l). Suppose 27 = -3*o + 3. Calculate a(o).
-1
Let z be 82/(-3) + (-1)/(-3). Let f = 1799 + -1797. Let a be z/5 - f/(-5). Let v(s) = -s + 1. Calculate v(a).
6
Let b(f) = 5*f + 17. Let i be b(-2). Let n(z) = -1. Let v(h) = h - 19. Let r(w) = 4*n(w) - v(w). Give r(i).
8
Let m(z) = 26*z**2 - 24*z - 24. Let c be m(2). Let o(s) = 3*s**2 - 96*s - 8. Give o(c).
-8
Let z(l) = -2*l**2 - 3*l - 21. Let u(k) = -k**2 - k - 10. Suppose -s - 8*s = -54. Let d(f) = s*z(f) - 13*u(f). Determine d(4).
0
Let m(z) be the first derivative of 2*z**3/3 + 2*z**2 + z - 761. Determine m(4).
49
Let w(v) = -4*v - 2. Let n(y) = y + 11 - 1 - 2*y**2 - 3 - 18*y. Let p be n(-9). Let s be w(p). Let m(x) = -x + 2. Give m(s).
-4
Let o(g) = -44*g + 286. Let q(u) = 23*u - 148. Let w(j) = 4*o(j) + 7*q(j). Calculate w(7).
3
Let n(c) = c - 9. Let y(g) = 5*g**2 - 3*g - 1. Let o be y(1). Calculate n(o).
-8
Let w(t) = -91*t**3 + t**2 - t - 1. Suppose -5*f = -30, 37*d - 3*f + 16 = 39*d. Give w(d).
92
Let s(l) = -17 + 2 - 323*l**2 + 325*l**2 - 37 - 12*l. Determine s(9).
2
Let n(j) = -6*j + 3 + 3 - 13 + 7*j. Suppose 0 = 67*x - 63*x - 48. Calculate n(x).
5
Let n(c) = -13*c**2 + 0*c + 28*c - 18 + 19 - 27*c + c. Let d = -2 - -6. Suppose -3*k + 3*p = 9, d*p = -k - p + 9. Give n(k).
-14
Let v be -10 - -3 - 100/60*-6. Let q(w) = w**2 + 5*w - 12. Calculate q(v).
12
Let t(l) = 39*l**3 - 16*l**2 + 21*l - 14. Let j(c) = 34*c**3 - 15*c**2 + 19*c - 12. Let s(r) = -8*j(r) + 7*t(r). Suppose -q + 36 = -5*q. Calculate s(q).
-38
Let c(m) be the third derivative of 1/6*m**3 + 0 + 0*m + 1/24*m**4 + 144*m**2. Calculate c(7).
8
Let f(d) be the third derivative of -d**9/60480 - d**8/2880 - d**6/144 + 73*d**5/60 + 10*d**2. Let c(v) be the third derivative of f(v). Determine c(-7).
-5
Let l(m) be the second derivative of m**5/20 - m**3/6 + 11*m. Let n be 12*(-8)/24 - (-7 - -3). Calculate l(n).
0
Let h(b) = b**3 + 5*b**2 - 4*b + 3. Let p = 82 - -219. Let c = 295 - p. Calculate h(c).
-9
Let y(t) = 179 + 3*t - 41 - 46 - 43 - 45. Suppose l - 5*b + 8 - 17 = 0, -11 = -2*l + 3*b. Give y(l).
16
Let f be (1 + -1)*((-44)/(-8))/(-11). Let h(v) = 7*v - 6. Let l(m) = -12*m + 12. Let r(j) = -7*h(j) - 4*l(j). What is r(f)?
-6
Suppose 48 = 29*t - 5*t. Let y(c) = c + 17*c - 11*c - t. Give y(-2).
-16
Suppose 0 = -3*d + d + 4. Suppose -8*i + d + 150 = 0. Let q(g) = -g - 6 + 5*g - g**2 - 8 + i. What is q(7)?
-16
Let f(m) = -49*m + 8 + 17 - 5 + 51*m. What is f(4)?
28
Let w(b) = -3*b + 86. Let n = 23979 + -23957. Give w(n).
20
Let i(k) = -3 - k**3 + 15 + 2855*k - 2877*k + 12 - 21*k**2. Calculate i(-20).
64
Suppose -w - 491 = -496. Let d(b) = -13*b**2 + 4*b + 2. Let l(n) = 0*n**2 - 1 - 2*n + 3*n**2 + 3*n**2. Let v(o) = w*l(o) + 2*d(o). Calculate v(-1).
5
Suppose 3*v = 2*p + 4, 0*v - 8 = -2*v + 4*p. Let x(r) = 6*r - 3. Let t(n) = -17*n - 17. Let z(j) = t(j) + 3*x(j). Give z(v).
-26
Let k(n) = -n**2 + 9*n - 12. Let c(m) = -m**3 - m**2 + 7*m - 15. Let t be c(-4). Calculate k(t).
8
Let u = 7006 + -7006. Let p(x) be the first derivative of -1/2*x**2 + u*x + 13. Give p(-7).
7
Let p be 33/55*10/3. Let h(b) = 2*b**p - 5 - 1399*b**3 + 4*b**2 + 0 + 1400*b**3. Let q(a) = -a**2 + 2*a + 3. Let l be q(-2). Determine h(l).
20
Let v(j) = 2*j + 3. Let b be v(-2). Let w(l) be the third derivative of -9*l**6/40 + l**4/12 + l**3/6 - 2759*l**2 - 3. Give w(b).
26
Let v(x) = 7*x - 943. Let q(b) = -5*b + 595. Let h(r) = -8*q(r) - 5*v(r). Calculate h(4).
-25
Let k(i) = -i**3 + 45*i**2 + 142*i + 103. Let h be k(48). Let d(q) = -q**3 + 9*q**2 - 17*q + 21. Calculate d(h).
0
Let o(v) = -7 + 61*v - 24*v + v**2 - 32*v. Suppose w + 0*y = 2*y + 19, -4*w + 4*y = -68. Suppose -11*k + w*k = -28. Calculate o(k).
7
Let l(s) = -3*s**2 + s - 3. Let k(c) = -4*c**2 - 4. Let u be (6/60*-8)/(2/(-5)). Let d(y) = u*k(y) - 3*l(y). What is d(1)?
-1
Let i(u) = -17*u - 3. Let z(m) = 14*m + 2. Let l(d) = -5*i(d) - 6*z(d). Let f(q) = -4*q**2 - 49*q - 10. Let t be f(-12). What is l(t)?
5
Let c(w) = -144 - 172 + 45 - 53*w + 8*w. Let z be c(-6). Let s(k) = -6*k**3 + 3*k**2 + 4*k + 2. Determine s(z).
7
Let g(z) be the first derivative of -z**3/3 - 3*z**2/2 - 15*z + 3540. Calculate g(-8).
-55
Let u(q) be the third derivative of -q**5/60 - 3*q**4/4 - 65*q**3/6 + 4*q**2 + 11*q + 7. Give u(-15).
-20
Let f(y) = -y**2 - y - 2. Let t be f(0). Let h(s) = 21109*s**2 + 1 + 2 - 21106*s**2 + 4*s. Calculate h(t).
7
Let w(y) be t